{"id":3350,"date":"2025-10-14T06:15:23","date_gmt":"2025-10-14T04:15:23","guid":{"rendered":"https:\/\/medicolink.com\/?page_id=3350"},"modified":"2025-11-03T18:07:02","modified_gmt":"2025-11-03T17:07:02","slug":"palyazati-forrasbol-megvalositott-projektjeink","status":"publish","type":"page","link":"https:\/\/medicolink.com\/da\/palyazati-forrasbol-megvalositott-projektjeink\/","title":{"rendered":"P\u00e1ly\u00e1zati forr\u00e1sb\u00f3l megval\u00f3s\u00edtott projektjeink"},"content":{"rendered":"\n<p><strong>Kedvezm\u00e9nyezett neve:<\/strong>&nbsp;Medicolink Consultancy Kft.<\/p>\n\n\n\n<p><strong>K\u00e9pz\u00e9sek elnevez\u00e9se \u00e9s c\u00e9lja:<\/strong>&nbsp;D\u00e1n nyelvi k\u00e9pz\u00e9s, Halad\u00f3 t\u00e1bl\u00e1zatkezel\u00e9s, Konfliktus \u00e9s stresszkezel\u00e9s. A k\u00e9pz\u00e9sek c\u00e9lja a munkav\u00e1llal\u00f3k megl\u00e9v\u0151 k\u00e9szs\u00e9geinek fejleszt\u00e9se \u00e9s \u00faj k\u00e9szs\u00e9gek elsaj\u00e1t\u00edt\u00e1sa munkaer\u0151megtart\u00e1s \u00e9s hat\u00e9konys\u00e1gfejleszt\u00e9s v\u00e9gett.<\/p>\n\n\n\n<p><strong>Szerz\u0151d\u00f6tt t\u00e1mogat\u00e1s \u00f6sszege:&nbsp;<\/strong>3 460 940 Ft<\/p>\n\n\n\n<p><strong>A projekt r\u00e9szletes bemutat\u00e1sa:&nbsp;<\/strong>A Katedra Nyelviskola \u00e1ltal biztos\u00edtott k\u00e9pz\u00e9seken munkav\u00e1llal\u00f3ink lehet\u0151s\u00e9get kapnak 3 k\u00e9szs\u00e9g fejleszt\u00e9s\u00e9re nyelv, IKT, \u00e9s soft skill ter\u00fcleteken.<br>A d\u00e1n nyelvi oktat\u00e1s teljesen kezd\u0151 szintr\u0151l indul, el\u0151zetes tud\u00e1s nem sz\u00fcks\u00e9ges hozz\u00e1. A k\u00e9pz\u00e9s janu\u00e1rt\u00f3l szeptemberig tart 5 f\u0151 r\u00e9szv\u00e9tel\u00e9vel, online. A k\u00e9pz\u00e9sen r\u00e9sztvev\u0151k elsaj\u00e1t\u00edthatj\u00e1k a d\u00e1n nyelvtan alapjait, sz\u00f3kincset \u00e9p\u00edthetnek, gyakorolhatj\u00e1k az \u00edr\u00e1st \u00e9s kiejt\u00e9st. A nyelvnek nagy jelent\u0151s\u00e9ge van a munkahelyen, mivel a c\u00e9g toboz\u00f3i tev\u00e9kenys\u00e9ge D\u00e1ni\u00e1ra ir\u00e1nyul, \u00edgy a kult\u00fara \u00e9s nyelv megismer\u00e9se hozz\u00e1j\u00e1rulhat a sikeress\u00e9ghez.<br>Az IKT k\u00e9pz\u00e9s halad\u00f3 t\u00e1bl\u00e1zatkezel\u00e9ssel foglalkozik, mivel sz\u00e1mos Excel dokumentumot kezel\u00fcnk munk\u00e1nk sor\u00e1n. A tanfolyam c\u00e9lja a t\u00e1bl\u00e1zatkezel\u00e9si k\u00e9szs\u00e9gek magasabb szintre emel\u00e9se a hat\u00e9konys\u00e1g optimaliz\u00e1l\u00e1sa \u00e9rdek\u00e9ben.<br>A soft skill k\u00e9pz\u00e9s szem\u00e9lyesen ker\u00fcl megtart\u00e1sra 2 db 8 \u00f3r\u00e1s alkalom keret\u00e9ben, amin 8 munkav\u00e1llal\u00f3 fog r\u00e9szt venni. A k\u00e9pz\u00e9s t\u00e9m\u00e1ja a konfliktus \u00e9s stresszkezel\u00e9s, c\u00e9lja, hogy a munkav\u00e1llal\u00f3k k\u00fcl\u00f6nb\u00f6z\u0151 technik\u00e1kat \u00e9s m\u00f3dszereket saj\u00e1t\u00edtsanak el, amikkel eg\u00e9szs\u00e9gesen tudj\u00e1k kezelni a felmer\u00fcl\u0151 neh\u00e9zs\u00e9geket a munkahelyen.<strong>Projekt v\u00e1rhat\u00f3 befejez\u00e9se:<\/strong>&nbsp;2025.09.12.<\/p>\n\n\n\n<figure class=\"wp-block-image aligncenter size-full\"><img alt=\"\" fetchpriority=\"high\" decoding=\"async\" width=\"1000\" height=\"292\" src=\"https:\/\/medicolink.com\/wp-content\/uploads\/2025\/10\/kedvezmenyezetti_infoblokk_fekvo_angol_rgb.webp\" alt=\"\" class=\"wp-image-3352\" srcset=\"https:\/\/medicolink.com\/wp-content\/uploads\/2025\/10\/kedvezmenyezetti_infoblokk_fekvo_angol_rgb.webp 1000w, https:\/\/medicolink.com\/wp-content\/uploads\/2025\/10\/kedvezmenyezetti_infoblokk_fekvo_angol_rgb-300x88.webp 300w, https:\/\/medicolink.com\/wp-content\/uploads\/2025\/10\/kedvezmenyezetti_infoblokk_fekvo_angol_rgb-768x224.webp 768w\" sizes=\"(max-width: 1000px) 100vw, 1000px\" \/><\/figure>\n","protected":false},"excerpt":{"rendered":"<p>Kedvezm\u00e9nyezett neve:&nbsp;Medicolink Consultancy Kft. K\u00e9pz\u00e9sek elnevez\u00e9se \u00e9s c\u00e9lja:&nbsp;D\u00e1n nyelvi k\u00e9pz\u00e9s, Halad\u00f3 t\u00e1bl\u00e1zatkezel\u00e9s, Konfliktus \u00e9s stresszkezel\u00e9s. A k\u00e9pz\u00e9sek c\u00e9lja a munkav\u00e1llal\u00f3k megl\u00e9v\u0151 k\u00e9szs\u00e9geinek fejleszt\u00e9se \u00e9s \u00faj k\u00e9szs\u00e9gek elsaj\u00e1t\u00edt\u00e1sa munkaer\u0151megtart\u00e1s \u00e9s hat\u00e9konys\u00e1gfejleszt\u00e9s v\u00e9gett. Szerz\u0151d\u00f6tt t\u00e1mogat\u00e1s \u00f6sszege:&nbsp;3 460 940 Ft A projekt r\u00e9szletes bemutat\u00e1sa:&nbsp;A Katedra Nyelviskola \u00e1ltal biztos\u00edtott k\u00e9pz\u00e9seken munkav\u00e1llal\u00f3ink lehet\u0151s\u00e9get kapnak 3 k\u00e9szs\u00e9g fejleszt\u00e9s\u00e9re nyelv, IKT, \u00e9s [&hellip;]<\/p>\n","protected":false},"author":1,"featured_media":0,"parent":0,"menu_order":0,"comment_status":"closed","ping_status":"closed","template":"","meta":{"_seopress_robots_primary_cat":"","_seopress_titles_title":"P\u00e1ly\u00e1zati forr\u00e1sb\u00f3l megval\u00f3s\u00edtott projektjeink","_seopress_titles_desc":"Ismerd meg a Medicolink \u00e1ltal megval\u00f3s\u00edtott projekteket, amelyek eur\u00f3pai uni\u00f3s forr\u00e1sb\u00f3l seg\u00edtik az eg\u00e9szs\u00e9g\u00fcgyi fejleszt\u00e9seket.","_seopress_robots_index":"","footnotes":""},"class_list":["post-3350","page","type-page","status-publish","hentry"],"_links":{"self":[{"href":"https:\/\/medicolink.com\/da\/wp-json\/wp\/v2\/pages\/3350","targetHints":{"allow":["GET"]}}],"collection":[{"href":"https:\/\/medicolink.com\/da\/wp-json\/wp\/v2\/pages"}],"about":[{"href":"https:\/\/medicolink.com\/da\/wp-json\/wp\/v2\/types\/page"}],"author":[{"embeddable":true,"href":"https:\/\/medicolink.com\/da\/wp-json\/wp\/v2\/users\/1"}],"replies":[{"embeddable":true,"href":"https:\/\/medicolink.com\/da\/wp-json\/wp\/v2\/comments?post=3350"}],"version-history":[{"count":1,"href":"https:\/\/medicolink.com\/da\/wp-json\/wp\/v2\/pages\/3350\/revisions"}],"predecessor-version":[{"id":3517,"href":"https:\/\/medicolink.com\/da\/wp-json\/wp\/v2\/pages\/3350\/revisions\/3517"}],"wp:attachment":[{"href":"https:\/\/medicolink.com\/da\/wp-json\/wp\/v2\/media?parent=3350"}],"curies":[{"name":"wp","href":"https:\/\/api.w.org\/{rel}","templated":true}]}}

Pályázati forrásból megvalósított projektjeink

<p><strong>Kedvezményezett neve:</strong>&nbsp;Medicolink Consultancy Kft.</p>



<p><strong>Képzések elnevezése és célja:</strong>&nbsp;Dán nyelvi képzés, Haladó táblázatkezelés, Konfliktus és stresszkezelés. A képzések célja a munkavállalók meglévő készségeinek fejlesztése és új készségek elsajátítása munkaerőmegtartás és hatékonyságfejlesztés végett.</p>



<p><strong>Szerződött támogatás összege:&nbsp;</strong>3 460 940 Ft</p>



<p><strong>A projekt részletes bemutatása:&nbsp;</strong>A Katedra Nyelviskola által biztosított képzéseken munkavállalóink lehetőséget kapnak 3 készség fejlesztésére nyelv, IKT, és soft skill területeken.<br>A dán nyelvi oktatás teljesen kezdő szintről indul, előzetes tudás nem szükséges hozzá. A képzés januártól szeptemberig tart 5 fő részvételével, online. A képzésen résztvevők elsajátíthatják a dán nyelvtan alapjait, szókincset építhetnek, gyakorolhatják az írást és kiejtést. A nyelvnek nagy jelentősége van a munkahelyen, mivel a cég tobozói tevékenysége Dániára irányul, így a kultúra és nyelv megismerése hozzájárulhat a sikerességhez.<br>Az IKT képzés haladó táblázatkezeléssel foglalkozik, mivel számos Excel dokumentumot kezelünk munkánk során. A tanfolyam célja a táblázatkezelési készségek magasabb szintre emelése a hatékonyság optimalizálása érdekében.<br>A soft skill képzés személyesen kerül megtartásra 2 db 8 órás alkalom keretében, amin 8 munkavállaló fog részt venni. A képzés témája a konfliktus és stresszkezelés, célja, hogy a munkavállalók különböző technikákat és módszereket sajátítsanak el, amikkel egészségesen tudják kezelni a felmerülő nehézségeket a munkahelyen.<strong>Projekt várható befejezése:</strong>&nbsp;2025.09.12.</p>



<figure class="wp-block-image aligncenter size-full"><img alt="" fetchpriority="high" decoding="async" width="1000" height="292" src="https://medicolink.com/wp-content/uploads/2025/10/kedvezmenyezetti_infoblokk_fekvo_angol_rgb.webp" alt="" class="wp-image-3352" srcset="https://medicolink.com/wp-content/uploads/2025/10/kedvezmenyezetti_infoblokk_fekvo_angol_rgb.webp 1000w, https://medicolink.com/wp-content/uploads/2025/10/kedvezmenyezetti_infoblokk_fekvo_angol_rgb-300x88.webp 300w, https://medicolink.com/wp-content/uploads/2025/10/kedvezmenyezetti_infoblokk_fekvo_angol_rgb-768x224.webp 768w" sizes="(max-width: 1000px) 100vw, 1000px" /></figure>

<p>Kedvezményezett neve:&nbsp;Medicolink Consultancy Kft. Képzések elnevezése és célja:&nbsp;Dán nyelvi képzés, Haladó táblázatkezelés, Konfliktus és stresszkezelés. A képzések célja a munkavállalók meglévő készségeinek fejlesztése és új készségek elsajátítása munkaerőmegtartás és hatékonyságfejlesztés végett. Szerződött támogatás összege:&nbsp;3 460 940 Ft A projekt részletes bemutatása:&nbsp;A Katedra Nyelviskola által biztosított képzéseken munkavállalóink lehetőséget kapnak 3 készség fejlesztésére nyelv, IKT, és [&hellip;]</p>

Ismerd meg a Medicolink által megvalósított projekteket, amelyek európai uniós forrásból segítik az egészségügyi fejlesztéseket.
